 Suppose 2*y + k - 249 = 0. What are the prime factors of y?
2, 59
Let x(z) = -z**2 + 33*z - 122. Let p be x(26). Let k = 42 + 0. Suppose -3*n = -p - k. List the prime factors of n.
2, 17
Let h be (-6)/(-4)*(-64)/48 + 600. Suppose 4*p - 5*j - 468 = 0, 2*p - 7*p + 3*j + h = 0. Let m = -80 + p. What are the prime factors of m?
2, 3, 7
Suppose -9 = 4*u + 3*y, 9*u + 5*y + 15 = 5*u. Let r be ((-2)/4 + 1)*10. Suppose -4*a = -4 + 16, u = r*g + 2*a - 259. List the prime factors of g.
53
Suppose 3*u + 40 = 5*u. Let z be 15/10*u/6. Suppose z*g - 189 = -29. List the prime factors of g.
2
Suppose -188*n + 28*n + 240320 = 0. What are the prime factors of n?
2, 751
Let i = 72 - 69. Let d be ((-9)/4)/(i/12). What are the prime factors of (-6)/d*(12/4 - -213)?
2, 3
Let g(b) = -1579*b - 1652. What are the prime factors of g(-4)?
2, 11, 53
Suppose 1037 = -3*s + 5*k + 8147, -k - 6 = 0. What are the prime factors of s?
2, 5, 59
Suppose 13*y - 5746 - 9529 = 0. What are the prime factors of y - 8/(-20)*-20?
3, 389
What are the prime factors of (-40)/5 - -14867 - 10?
31, 479
Suppose 0 = -c + 27 - 127. Let a = 2712 - 2369. What are the prime factors of a/5 + (-40)/c?
3, 23
Let b(w) = w**3 + 6*w**2 - 5*w + 18. Let u be b(-7). Let c = 22 + -12. What are the prime factors of 884/c + u*2/(-20)?
2, 11
Suppose 0 = o - 4*w + 5 + 4, -2*w + 18 = 4*o. Let y(v) be the second derivative of 4*v**3/3 - 3*v**2 - 2*v. What are the prime factors of y(o)?
2, 3
Suppose 0 = 4*r + 13 + 11. Let c = r - -16. Suppose -c = -a + i + 3*i, 2*a - 4*i = 28. List the prime factors of a.
2, 3
Suppose -20 = 5*f, 5*s + 2*f = 9*s - 5136. Let z = s - 751. List the prime factors of z.
3, 59
Let p = 6384 - -7903. List the prime factors of p.
7, 13, 157
Let v be (-6 + 128/12)/(2/3). Suppose -x + 476 = c, v*x - 2*c = 6*x + 467. What are the prime factors of x?
11, 43
Suppose -j - 118 = 5*w + 525, -2*j + w - 1297 = 0. Let u = j - -1543. What are the prime factors of u?
5, 179
Let a(t) = 954*t**2 - 451*t + 1356. What are the prime factors of a(3)?
3, 7, 409
Suppose 2*z - 75735 - 35508 = -3*s, 37074 = s + 3*z. What are the prime factors of s?
3, 47, 263
Let r(f) = 125*f**2 + 39*f - 357. List the prime factors of r(7).
7, 863
Let n(l) = -3*l**3 + 11*l**2 - 17. Let g(k) = -k**3 - 9*k**2 - 12*k + 9. Let b be g(-7). What are the prime factors of n(b)?
3, 211
Let a(k) = -69*k**2 - 16*k + 34. Let q(g) = 23*g**2 + 5*g - 11. Let z(i) = 2*a(i) + 7*q(i). Let l be z(4). Suppose 95 = -6*m + l. List the prime factors of m.
2, 23
Let j(b) = 2*b**3 - 132*b**2 - 60*b - 860. List the prime factors of j(70).
2, 3, 5, 569
Suppose -3*i - 2*i + 12 = -4*n, 5*i = -4*n + 28. What are the prime factors of n*(-5)/(5/(-384)) + 5?
773
Let v(g) = -32999*g - 1. List the prime factors of v(-2).
3, 7333
Let d be (-10)/(1*((-15)/(-5))/(-39)). List the prime factors of d/(-3 - 2)*39/(-6).
13
Suppose 0 = -9*v + 11*v - 6. Suppose -a - 4*u + 517 = 0, 0 = 4*a + v*u - 4*u - 2136. List the prime factors of a.
13, 41
Suppose -4*s + s = -12. Let d be (-2)/8*-129 - 1/s. Let g = 71 + d. What are the prime factors of g?
103
What are the prime factors of 2*4237 - -1*6*2/(-4)?
43, 197
Let x(u) = -u**2 - 10*u - 2. Let g(p) = 3*p + 33. Let n be g(-14). Let a be x(n). Let f = 90 + a. What are the prime factors of f?
97
Suppose -216941 = -45*m + 430538 + 834866. What are the prime factors of m?
32941
Let x = 151 + -128. Suppose 22*n - 3 = x*n, 0 = -4*i - n + 1729. What are the prime factors of i?
433
Suppose 3*i - 3*x = 18, 0*x - x + 16 = i. Suppose -861 + 6240 = i*k. List the prime factors of k.
3, 163
Suppose -24*a - 93*a = -1009242. What are the prime factors of a?
2, 19, 227
Suppose k - 4*y = 32672, 0 = 2*k - 5*y + 25396 - 90755. List the prime factors of k.
2, 11, 743
Let o = -54660 - -91558. What are the prime factors of o?
2, 19, 971
Let w = 226 - 222. Suppose x - 1142 = -2*v, 0 = w*v - 4*x + 2*x - 2276. List the prime factors of v.
2, 3, 5, 19
Let s = -22 - -32. Suppose 3*j - 5*x - 326 = 0, -j = 2*x - 95 - s. List the prime factors of j.
107
Let v be -1*(-43)/2*44/22. Suppose -36052 + 276 = -v*r. What are the prime factors of r?
2, 13
Suppose -2*v + 10 = -0, -g - v = -9383. Suppose g + 6748 = 11*t. What are the prime factors of t?
2, 733
Let d(u) be the third derivative of -7*u**5/30 - u**4/6 - 7*u**3/6 - 3*u**2. Let i be d(-2). Let m = i + 135. List the prime factors of m.
2, 5
Let q(o) = -142*o**3 - 4*o**2 + 2*o + 2. List the prime factors of q(-5).
2, 8821
Suppose -44 + 39 = -s. Suppose s*k - 3*m = 2*m + 1460, 0 = 5*m + 5. List the prime factors of k.
3, 97
Let q be 305 + 1 + -3 + 5. Suppose 14*f - 3114 = 32*f. Let b = f + q. What are the prime factors of b?
3, 5
Suppose -948*k = -960*k + 21864. List the prime factors of k.
2, 911
Suppose 5872 = -37*x + 99889. List the prime factors of x.
3, 7, 11
Suppose 9*u = -13*u. Suppose -3*d + 6*d = g + 507, -4*d - 5*g + 657 = u. What are the prime factors of d?
2, 3, 7
List the prime factors of (-504)/15*(-48505)/436.
2, 3, 7, 89
Let w(x) = 3293*x + 8598. List the prime factors of w(8).
2, 17471
Suppose 0*l + 13 = -l + 5*f, -5*f = 2*l - 4. Let c be (l + 50)/((-1)/(-1)). Suppose 3*g = c + 46. List the prime factors of g.
31
Let m = -12655 + 22592. List the prime factors of m.
19, 523
Suppose -179896 - 246573 - 176661 = -110*a. List the prime factors of a.
5483
Let x be ((-14)/(-91))/(2/26). List the prime factors of 1/((-9499)/4753 + x).
7, 97
Suppose 3120*q - 3063*q = 1636698. List the prime factors of q.
2, 7, 293
Suppose 16 = -4*s, 0*l - 3*s = -l + 36. Let y = -24 + l. What are the prime factors of -1 + 50 - (y + 1 + -1)?
7
Suppose -r + 9 - 8 = 0. Let h(j) = 7 - r - 21*j + 25*j + 24*j. List the prime factors of h(6).
2, 3, 29
Let u = 231 + -123. Suppose 3*f = 978 + u. What are the prime factors of f?
2, 181
Suppose -2*c - 54714 = -2*s, -4 = -3*c - 4. List the prime factors of s.
3, 11, 829
Let j(n) = -91*n + 19. Let g be j(-16). Suppose 4*k + 55 = g. What are the prime factors of k?
5, 71
Suppose -2*a - 5*b = -3513, 0 = -5*a + 5*b + 2614 + 6116. What are the prime factors of a?
3, 11, 53
Let o be 3445/5*(0 - 1). Let u = o + 1380. List the prime factors of u.
691
Let i be (-2)/(4/10)*(-138)/(-115). Let u be (-1 - -1)*(i + 5). Suppose 3*g + 4*b - 46 = u, 9*b - 19 = -2*g + 4*b. What are the prime factors of g?
2, 11
Let f = 179 + -173. Suppose 0 = f*p - 8*p + 876. What are the prime factors of p?
2, 3, 73
Suppose 270022 = 17*z - 8057 - 8116. List the prime factors of z.
5, 7, 13, 37
Let a(g) = -5*g - 14. Let j be a(-6). Let f = j - 14. List the prime factors of (1 + -2 + f)/(-1) - -78.
7, 11
List the prime factors of (2 - (-9)/(-5))/(31/728965).
4703
Let y = -8595 + 10687. What are the prime factors of y?
2, 523
Let g be (3/(15/(-5)))/((-1)/(-3)). Let c be (-1 - -50) + -4 - g. Suppose 219 = 3*p - c. What are the prime factors of p?
89
Let j(k) = 3*k - 11. Let n(z) = 3*z - 11. Let b(i) = 4*j(i) - 3*n(i). Let x be b(5). What are the prime factors of -92*(3/x)/(-3)?
23
Suppose 73*b + 95 = 78*b. Suppose -12671 = -b*t + 439. List the prime factors of t.
2, 3, 5, 23
Let t(r) = -49*r + 1. Let q be t(1). Let z = q + 50. List the prime factors of z.
2
Suppose k - 8*k + 2219 = 0. Let c = k + -106. Let a = -145 + c. What are the prime factors of a?
2, 3, 11
Let p = 139898 - 74885. What are the prime factors of p?
3, 13, 1667
Let s(t) be the third derivative of -49/24*t**4 - 29/6*t**3 + 0*t + 22*t**2 + 2. List the prime factors of s(-4).
167
Let v(a) = 2*a**2 + 49*a - 112. List the prime factors of v(34).
2, 1933
List the prime factors of 23 - (-3825)/(-165) - 104372/(-22).
2, 593
Suppose -22482 = -60*m - 5442. What are the prime factors of m?
2, 71
Suppose 7518*p - 118740 = 7498*p. List the prime factors of p.
3, 1979
Let w = -146921 + 219472. List the prime factors of w.
72551
Let x be 310/30 - (-2)/3. Suppose -566 = -s + 4*o, x*s + 3*o = 10*s + 594. List the prime factors of s.
2, 3, 97
Let v(l) = 183*l - 11. Let i be v(2). Let q = 45 + i. What are the prime factors of q?
2, 5
Let a = 444 + -436. Suppose -7*h = -a*h - 4, -2*h = 3*w - 2020. What are the prime factors of w?
2, 13
Let l = -73085 + 124272. What are the prime factors of l?
17, 3011
Let g be (-2)/(-9) - 100/(-36). Let t = -214 + 319. Suppose 9 = 2*j + 